{"id":2,"date":"2024-08-21T13:43:36","date_gmt":"2024-08-21T11:43:36","guid":{"rendered":"http:\/\/piamanus.pl\/?page_id=2"},"modified":"2025-03-26T22:20:05","modified_gmt":"2025-03-26T21:20:05","slug":"przykladowa-strona","status":"publish","type":"page","link":"https:\/\/piamanus.pl\/?page_id=2","title":{"rendered":"O nas"},"content":{"rendered":"\n<p class=\"has-text-align-center\"><strong>Serdecznie witamy na stronie Pobo\u017cnej Kapeli Parafialnej z Zielonki<\/strong>.<br><strong>Je\u015bli lubisz tak\u0105 muzyk\u0119 to Jeste\u015b na w\u0142a\u015bciwej stronie<\/strong>.<br><strong>\u017byczymy dobrego odbioru .<\/strong><\/p>\n\n\n\n<p class=\"has-text-align-center\">Zesp\u00f3\u0142 muzyczny Pia Manus powsta\u0142 w pa\u017adzierniku 2021 roku<br>z inicjatywy ksi\u0119dza Kazimierza Sety Proboszcza Parafii Matki Bo\u017cej Cz\u0119stochowskiej w Zielonce<br>na potrzeby oprawy muzycznej liturgii pokutnych<\/p>\n\n\n\n<p class=\"has-text-align-center\">Wszystkie nagrania zarejestrowano live <\/p>\n\n\n\n<p class=\"has-text-align-center has-white-color has-text-color has-link-color has-normal-font-size wp-elements-8e1411c00846f48370d3dfe616ec90c3\"><\/p>\n\n\n\n<p class=\"has-text-align-center has-white-color has-text-color has-link-color has-small-font-size wp-elements-44ff8fa33e71261eb3054af7c212a0aa\"><\/p>\n\n\n\n<p class=\"has-text-align-center has-white-color has-text-color has-link-color has-small-font-size wp-elements-2ad9584c11df4379ff3762d266bf4c7b\">esp\u00f3\u0142 muzyczny Pia Manus powsta\u0142 w p\u017adzierniku 2021 roku<br>z inicjatywy ksi\u0119dza Kazimierza Sety proboszcza naszej Parafiina potrzeby oprawy muzycznej liturgii pokutnych<br><\/p>\n\n\n\n<figure class=\"wp-block-image size-large\"><img loading=\"lazy\" decoding=\"async\" width=\"1024\" height=\"461\" src=\"http:\/\/piamanus.pl\/wp-content\/uploads\/2024\/10\/Piamanus-i-1024x461.jpg\" alt=\"\" class=\"wp-image-72\" srcset=\"https:\/\/piamanus.pl\/wp-content\/uploads\/2024\/10\/Piamanus-i-1024x461.jpg 1024w, https:\/\/piamanus.pl\/wp-content\/uploads\/2024\/10\/Piamanus-i-300x135.jpg 300w, https:\/\/piamanus.pl\/wp-content\/uploads\/2024\/10\/Piamanus-i-768x345.jpg 768w, https:\/\/piamanus.pl\/wp-content\/uploads\/2024\/10\/Piamanus-i-1536x691.jpg 1536w, https:\/\/piamanus.pl\/wp-content\/uploads\/2024\/10\/Piamanus-i.jpg 2048w\" sizes=\"auto, (max-width: 1024px) 100vw, 1024px\" \/><\/figure>\n","protected":false},"excerpt":{"rendered":"<p>Serdecznie witamy na stronie Pobo\u017cnej Kapeli Parafialnej z Zielonki.Je\u015bli lubisz tak\u0105 muzyk\u0119 to Jeste\u015b na w\u0142a\u015bciwej stronie.\u017byczymy dobrego odbioru . Zesp\u00f3\u0142 muzyczny Pia Manus powsta\u0142<a href=\"https:\/\/piamanus.pl\/?page_id=2\" class=\"more-link\"><span class=\"readmore\">Continue reading<span class=\"screen-reader-text\">O nas<\/span><\/span><\/a><\/p>\n","protected":false},"author":1,"featured_media":0,"parent":0,"menu_order":0,"comment_status":"closed","ping_status":"open","template":"","meta":{"footnotes":""},"class_list":["post-2","page","type-page","status-publish","hentry"],"_links":{"self":[{"href":"https:\/\/piamanus.pl\/index.php?rest_route=\/wp\/v2\/pages\/2","targetHints":{"allow":["GET"]}}],"collection":[{"href":"https:\/\/piamanus.pl\/index.php?rest_route=\/wp\/v2\/pages"}],"about":[{"href":"https:\/\/piamanus.pl\/index.php?rest_route=\/wp\/v2\/types\/page"}],"author":[{"embeddable":true,"href":"https:\/\/piamanus.pl\/index.php?rest_route=\/wp\/v2\/users\/1"}],"replies":[{"embeddable":true,"href":"https:\/\/piamanus.pl\/index.php?rest_route=%2Fwp%2Fv2%2Fcomments&post=2"}],"version-history":[{"count":29,"href":"https:\/\/piamanus.pl\/index.php?rest_route=\/wp\/v2\/pages\/2\/revisions"}],"predecessor-version":[{"id":271,"href":"https:\/\/piamanus.pl\/index.php?rest_route=\/wp\/v2\/pages\/2\/revisions\/271"}],"wp:attachment":[{"href":"https:\/\/piamanus.pl\/index.php?rest_route=%2Fwp%2Fv2%2Fmedia&parent=2"}],"curies":[{"name":"wp","href":"https:\/\/api.w.org\/{rel}","templated":true}]}}